ivided by (-59)/(-3) - (-2)/u.
18
Suppose 5*i = -h + 28, -7*i - 5*h = -3*i - 35. Let p = -3 - -10. What is the remainder when p is divided by i?
2
Calculate the remainder when 71 is divided by (11 - 8)*8*1.
23
Suppose 0*x = -4*x + 488. Calculate the remainder when x is divided by 31.
29
Let g(b) = 5*b - 8. Calculate the remainder when g(6) is divided by 12.
10
Suppose 128 = -3*o + 614. What is the remainder when o is divided by 41?
39
Let u(t) = -t**3 - 2*t**2 - 3*t - 2. Let o be u(-2). Suppose -3*h + 74 = -4*b, o*b + 0*b + 92 = 4*h. What is the remainder when h is divided by 7?
4
Let c(l) = -10*l**2 + 10*l + 1. Let u(j) = -9*j**2 + 9*j + 1. Let t(w) = 6*c(w) - 7*u(w). Let k = 18 + -6. What is the remainder when t(4) is divided by k?
11
Suppose -j + 0*j = -61. Calculate the remainder when j is divided by 21.
19
Let q be 4/(-16) + (-1)/(-4). What is the remainder when 73 is divided by 228/12 + q + 0?
16
Let b be -12*1*(-91)/(-21). Suppose 0 = -4*q + 4*j - 108, 4*q = -3*j + j - 126. Let k = q - b. What is the remainder when k is divided by 12?
10
Let m = 128 - 79. What is the remainder when m is divided by 13?
10
Let l(g) = g**3 + 4*g**2 - 4*g + 7. Let k be l(-5). Suppose 0 = -4*n + k*n + 10. Calculate the remainder when n is divided by 2.
1
Let z = 39 + -15. Suppose -3*c + 25 = 4*v, 3*c = -c - 3*v + z. Suppose r + 3*g = 4*r - 51, c*r - 57 = -3*g. What is the remainder when r is divided by 10?
8
Calculate the remainder when 17 is divided by 1/((-1)/3) + 9.
5
Let x be 3/(-1*1/2). Let y = x - -20. What is the remainder when y is divided by 5?
4
Let o(g) = -3*g**2 + 3. Let l be o(3). Let s be (l/(-3))/((-4)/(-26)). Suppose 0 = -5*b + b + s. What is the remainder when 37 is divided by b?
11
Suppose 380 = 8*t - 3*t. Calculate the remainder when t is divided by 11.
10
Suppose -42 + 12 = -s - 5*o, 3*o + 10 = 5*s. Suppose -2*h = -s*h + 48. Suppose 3*a - h = a. What is the remainder when 22 is divided by a?
6
Suppose a - 12 = -j, -a - 4*a = -j - 36. Suppose -w - 2*w + 87 = 0. Calculate the remainder when w is divided by a.
5
Let g = -1 - -2. Calculate the remainder when 1 is divided by g.
0
Suppose 4*u - 177 = -17. Calculate the remainder when u is divided by 21.
19
Let o = -5 + 8. Let g be 82*o/(-3)*-1. Suppose -2*u = 2*j - 32 - 8, -5*u + g = 4*j. What is the remainder when 52 is divided by j?
16
Let k(w) = -w**2 - 7*w + 4. Let v(o) = o**2 + 5*o + 2. Calculate the remainder when k(-5) is divided by v(-6).
6
Suppose -2*p - 3*p + 20 = 0. Suppose 4*z = -3*j + 18 + 11, -2*z = p*j - 22. Calculate the remainder when z is divided by 3.
2
Let o(l) = l**2 + 4*l - 1. Let d(k) = k**3 - 9*k**2 - 8*k - 9. What is the remainder when o(-8) is divided by d(10)?
9
Let u be (2/(-3))/(2/6). Let l(r) = -7*r - 2. Suppose -5*t - 2*x + 32 = -88, 3*t - 3*x - 51 = 0. What is the remainder when t is divided by l(u)?
10
Let f = 9 + -5. Let t(d) = 0 - d**3 + 2*d - f*d**2 + 0*d - 3. Calculate the remainder when t(-5) is divided by 5.
2
Let r = 33 - -10. Let u(n) = n + 10. What is the remainder when r is divided by u(5)?
13
Suppose -5*f = -3*h + 32, -h = -3*f - 0*f - 16. Calculate the remainder when 6 is divided by h.
2
Let q = -157 + 188. What is the remainder when 121 is divided by q?
28
Let k(y) = y**2 + 4*y - 11. What is the remainder when 36 is divided by k(-7)?
6
Let i = 3 + -3. Suppose i = 3*r + r - 32. What is the remainder when 14 is divided by r?
6
Suppose 0 = -4*p + 2*q + 244, -8 = -0*q + 2*q. Calculate the remainder when p is divided by 15.
14
Let b be 12/(-9) + (-2)/3. Let k = 4 - b. Calculate the remainder when ((-6)/(-9))/(k/153) is divided by 6.
5
Let y(s) = -5*s + 54. Let c(w) = 3*w**2 - 2*w. Let l be c(-6). Suppose 0*h + l = 3*h. Calculate the remainder when h is divided by y(8).
12
Let o = 12 + -5. Let a(v) = v**2 + 4*v + 1. Let m be a(-3). Calculate the remainder when m*(0 - 7) + -1 is divided by o.
6
Suppose 6*y = -4*v + 3*y + 17, 4*y - 16 = -2*v. Suppose -2*m = 5*x - 17, -2*m - 12 = -v*x + 6. Calculate the remainder when 17 + (0 + 0 - -1) is divided by x.
3
Let m(y) = -2*y**2 - 11*y - 19. Let x be m(-6). Let u(p) = -3*p**2 - 6*p - 5. Let l be u(-5). Let w = x - l. Calculate the remainder when w is divided by 9.
7
Let p = 3 + 8. Let b = -9 + p. Let j = 2 + -1. Calculate the remainder when b is divided by j.
0
Suppose -4*x + 44 = -20. What is the remainder when 77 is divided by x?
13
Let m(c) = -c**3 - 8*c**2 - 6*c + 10. Let q be m(-7). Let w(n) = q*n + 8 - n - 4*n. Calculate the remainder when w(-6) is divided by 11.
9
Suppose -2*c + 5*s = -73, 0 = 2*c - 0*c - 3*s - 79. Let i(b) = -b**2 + b. Let a be i(6). Let x = 45 + a. What is the remainder when c is divided by x?
14
Let a(y) = 10*y + 8. Suppose -2*p = -0*p - 30. Calculate the remainder when a(5) is divided by p.
13
Let z be 17/(-1)*(-9 - -7). Let b = 54 - z. What is the remainder when b is divided by 7?
6
Let m be 8/6*3/2. Let z = m - -28. Suppose 5*j - z = 60. Calculate the remainder when 35 is divided by j.
17
Let x be -3 + (-2)/(-1) - 2. Calculate the remainder when 3 is divided by (x + 5)/((-4)/(-2)).
0
Let l be 2 + 2/4*4. Suppose -u - 3*t + 10 + 5 = 0, u = -l*t + 16. What is the remainder when u is divided by (-21)/(-2)*(-4)/(-6)?
5
Suppose 0*d = 4*d - 60. Calculate the remainder when d is divided by 2/(-2)*-6 - -2.
7
Let s be (-4)/(-2) + -1 + 17. Let w = s - 1. Calculate the remainder when w is divided by 6.
5
Let w = 16 + -10. Let k(v) = 3*v - 4. Calculate the remainder when k(w) is divided by 4/(-2)*(-1 + -3).
6
Suppose 11*m = 5*m + 84. What is the remainder when 26 is divided by m?
12
Calculate the remainder when 47 is divided by (-1)/(-4)*6 + 21/2.
11
Let m = 18 - 7. Let c(w) = w**2 - 8*w + 7. Let v be c(6). Let o(x) = -x**2 - 8*x + 6. Calculate the remainder when o(v) is divided by m.
10
Let q = 15 - 11. What is the remainder when 30 is divided by q?
2
Let t be 2/(-5) + (-2460)/(-25). Let w = -53 + t. What is the remainder when w is divided by 23?
22
Let j(t) = -2*t + 2. Suppose 0 = -4*c - c - 4*o + 37, -40 = -5*c - 5*o. What is the remainder when j(-6) is divided by c?
4
Let s(a) = 2*a**2 + 6. Let h be s(6). What is the remainder when 29 is divided by h/8 + (-2)/(-8)?
9
Let d(q) = q**2 + q + 2. Let b be d(0). Suppose b*l - 3*w = -5*w + 48, 0 = -2*l + 3*w + 33. Calculate the remainder when l is divided by 11.
10
Suppose 5*v + 40 = -d, 0 = v - 2*v + 3*d - 8. Let o = v - -16. Suppose 12*m + 23 = 13*m. What is the remainder when m is divided by o?
7
Let p(q) = -2*q - 9. Let d be p(-7). Suppose -3*r + 194 = a, 4*r - 221 - 56 = -d*a. Calculate the remainder when r is divided by 16.
15
Suppose 3*s + s = 132. Calculate the remainder when s is divided by 5.
3
Let g be (4/(-3))/((-18)/405). What is the remainder when 24 is divided by g/50*(1 - -14)?
6
Let l = -2 - -59. Suppose j - l = -2*j. Suppose 0 = 3*v + 47 - 215. Calculate the remainder when v is divided by j.
18
Let b be (-37)/(-5) + (-12)/30. Suppose -5*v + b - 46 = -2*k, 0 = -5*k + 2*v + 108. Calculate the remainder when 86 is divided by k.
20
Let z(w) = -w**3 + 4*w**2 + w + 3. Suppose -a - 4*a = -15. Let q(b) = -8*b + 1. What is the remainder when q(-7) is divided by z(a)?
12
Let i(t) = t**3 + 4*t**2 - 21*t + 10. What is the remainder when 69 is divided by i(-7)?
9
Suppose 3*g = 14 - 2, 2*w - 3*g = -2. What is the remainder when 18 is divided by w?
3
Let y = -55 - -62. Let h(u) = -u**2 - 5*u + 3. Calculate the remainder when y is divided by h(-5).
1
Suppose 3*u = -2*u. Suppose -3*f + 25 - 7 = u. Suppose 2*o + m - 22 - 10 = 0, 0 = -5*o - 2*m + 79. Calculate the remainder when o is divided by f.
3
Let c(r) = r**3 + 7*r**2 + 8*r + 5. Let q(i) = -2*i - 8. What is the remainder when c(-5) is divided by q(-8)?
7
Let g = 593 + -580. What is the remainder when 318/14 - 4/(-14) is divided by g?
10
Let k(r) = -r. Let l(u) = 3*u - 9. Let g(b) = 2*k(b) + l(b). Let v be g(11). Suppose 28 = -0*z + v*z. Calculate the remainder when 54 is divided by z.
12
Suppose w + 7 - 42 = 4*t, 2*t - 122 = -4*w. Let k(v) = 12*v - 1. Let o be 1*(-2)/(-2)*1. What is the remainder when w is divided by k(o)?
9
Let x(l) be the third derivative of -l**5/60 + 5*l**4/24 + l**3/3 + 6*l**2. Suppose -22 = c - 3*c. What is the remainder when c is divided by x(4)?
5
Let x(o) = -o**2 -